is divided by 2?
0
Suppose 180*q = 73*q + 39055. What is the remainder when q is divided by 177?
11
Let l be -56*1/(-2 - (-3 - 0)). What is the remainder when 44 is divided by (-12)/(-126)*-3*l?
12
Let u = 10 + -4. Let p be 77 - (4 + -5 - -4). Suppose 4*x - 96 = p*c - 78*c, 2*c - 3*x - 43 = 0. What is the remainder when c is divided by u?
5
Let j be -7*(2 - 2 - 4). Suppose 37*k = 38*k - j. Let h = -32 - -49. What is the remainder when k is divided by h?
11
Calculate the remainder when 4053 is divided by -21 - (1 + (18 - 81)).
35
Suppose 2*n = 7*a - 2, 0 = 6*n - n - a - 61. Suppose -2*u - 2*r = 2*u - 38, -2*u = -2*r - 10. Calculate the remainder when n is divided by u.
5
Suppose 0 = 3*a + 12 - 12. Suppose 4*q + 3*j - 36 = a, -10 = -4*q + 2*j + 6. What is the remainder when 106 is divided by q?
4
Suppose 3*l + 3*b - 1020 = 7*l, 5*l + 1256 = -b. Let y = -229 - l. Calculate the remainder when y is divided by 12.
11
Suppose r = 2*k - 171, -5*k + 33*r + 465 = 38*r. What is the remainder when k is divided by 14?
4
Suppose 20 = -5*w - 15. Let j = w + -29. What is the remainder when 21 is divided by ((1*j)/(-3))/(3/2)?
5
Let v(i) = -4*i**2 - 63 + 58 + 6*i + 2*i**2 + 4*i**2. What is the remainder when 99 is divided by v(1)?
0
Let u = 40 + -34. Suppose 6 + u = 2*r. What is the remainder when 12 is divided by ((-2)/1)/6 + 20/r?
0
Let m = -96 - 127. Let j = -186 - m. Calculate the remainder when 134 is divided by j.
23
What is the remainder when -3 + (-2 - (-68)/14) + 110594/154 is divided by 147?
130
Suppose 215*l - 1376 = 132*l + 284. Calculate the remainder when 266 is divided by l.
6
What is the remainder when 1642 is divided by (-20)/(-25) + (-681)/(-5)?
135
Let u(g) = -g**2 + 40*g + 130. Let t(k) = 2*k**2 - 78*k - 260. Let i(z) = -4*t(z) - 7*u(z). Calculate the remainder when i(32) is divided by 19.
16
Suppose -225 = 39*b - 53*b + 1119. What is the remainder when b is divided by 22?
8
Suppose -36*f + 63810 = -30546. What is the remainder when f is divided by 82?
79
Suppose -32*t + 101640 + 13464 = 0. What is the remainder when t is divided by 1196?
9
Suppose 5*r = -2*r + 945. Suppose r*u - 60 = 130*u. What is the remainder when 21 is divided by u?
9
Suppose 238 = 4*f + o, -f + 0*f = -o - 62. Let p = -26 + f. Suppose -9*t = -211 + 49. What is the remainder when p is divided by t?
16
Let j be 15/12 + (-3)/(-4). Suppose -j*n + 77 - 27 = 0. Let p = n - 8. Calculate the remainder when 33 is divided by p.
16
Let q(o) = -20*o - 860. What is the remainder when 556 is divided by q(-46)?
16
Suppose -2*i - l = -5*i + 690, -5*l - 909 = -4*i. Calculate the remainder when 1373 is divided by i.
218
Let f(x) = x**3 + 5*x**2 - 10*x - 20. Let j be f(-6). Calculate the remainder when 119 is divided by (-14)/j*9/((-315)/100).
9
Let f be (-8244)/(-28)*-1 - 3/(-7). Let c = -115 - f. Suppose c = 16*g - 93. What is the remainder when 49 is divided by g?
15
Suppose 370*d - h = 365*d + 134, 58 = 3*d + 5*h. What is the remainder when 283 is divided by d?
23
Let y(b) = 3*b**3 - 4*b**2 - b - 2. Let a be y(-3). Let d = 133 + a. Calculate the remainder when 54 is divided by d.
3
Suppose 9*g - 8*g = 3. Suppose 2*f = 5*t - g*f + 125, -3*f = -12. Calculate the remainder when 25 is divided by (-24)/18*t/2.
11
Suppose u = -2*l + 55, 3*l - 6*l + 105 = 2*u. Calculate the remainder when 756 is divided by u.
36
Let u be (3 + 2 + -6)*(-50 - 0). Let l = -13 + 16. Calculate the remainder when u/14*3 - 8/(-28) is divided by l.
2
Suppose -2*t - 5*w = -291, 6*t - 379 = 3*t + 4*w. Let a = t - 129. Calculate the remainder when 83 is divided by a.
3
Suppose 1 = r - 7. Let d(i) be the third derivative of -i**6/120 + i**5/6 + i**4/6 - 7*i**3/2 - i**2 + 3*i. What is the remainder when d(10) is divided by r?
3
Let s(v) = -37 + 19 + 21*v + 21 - 53 - 58. Suppose 112 = 4*a - 52. What is the remainder when s(9) is divided by a?
40
Let y(v) = 28*v - 12. Let n(m) = m**2 - 13*m + 16. Let d be n(12). Calculate the remainder when y(d) is divided by 13.
9
Suppose -3675*l = -3731*l + 113792. What is the remainder when l is divided by 292?
280
Let g(h) = 7*h**2 - 3*h + 1. Suppose 53 = -8*n + 7*n. Let d = -40 - n. Calculate the remainder when g(-2) is divided by d.
9
Let k(d) = -d**3 + 2*d**2 + 11*d + 10. What is the remainder when 16 is divided by k(0)?
6
Suppose 49*x = -41*x + 24*x + 3762. Calculate the remainder when 261 is divided by x.
33
Let y be ((-6)/12)/(1/12). Let z(r) = -r**3 - 3*r**2 + 3*r + 1. Let j be z(1). Let a = j - y. Calculate the remainder when 28 is divided by a.
4
What is the remainder when 411 is divided by (-32798)/(-391) + 4/34?
75
Suppose -9867*m - 308 = -9871*m. Calculate the remainder when 240 is divided by m.
9
Calculate the remainder when 68 is divided by -31*4/(-12) - ((-32)/(-12))/8.
8
Let p be -60 + -6 - (7 - 9). Let u = p - -134. Calculate the remainder when u is divided by 12.
10
What is the remainder when (1168/128*424)/(-1 + 2) is divided by 14?
5
Let b = 25 + 41. Let a be (-44)/b + 28/6. Suppose 5*o + 32 = 3*s, s - 5*o + a + 2 = 0. Calculate the remainder when s is divided by 11.
8
Let k(y) = 5*y + 1. Calculate the remainder when (18 + 125/(-20))*12*4/12 is divided by k(6).
16
Calculate the remainder when (-4)/(72/4482*(-1 - 2)) is divided by 28.
27
Let u be 12/(-8)*(3 + (-291)/(-9)). Let j = u - -57. Suppose 5*s + 5*w - 60 = 75, -j*w + 48 = 2*s. Calculate the remainder when s is divided by 17.
13
Suppose 4*n = 2*i + 2550, 188 + 457 = n + i. Suppose -n*a + 632*a = -88. What is the remainder when 29 is divided by a?
7
Let f be 4/(-10)*(1 + -41). Suppose -21*s + 115 = -f*s. What is the remainder when 4/(-9) - (841/(-9) - -2) is divided by s?
22
Let f(p) be the second derivative of p**4/12 - 5*p**3/6 + 5*p**2/2 - 9*p. Calculate the remainder when f(0) is divided by (-143)/(-33) + 1/(-3).
1
Let w be 0 - (8/12)/((-4)/552). Suppose 3*s + 6 = 0, -3*v + w = -3*s + 2*s. Calculate the remainder when 86 is divided by v.
26
Let b(q) be the second derivative of -q**3/3 - 2*q**2 - 17*q. Let r be b(-2). Suppose r = -10*g + 9*g + 19. What is the remainder when 74 is divided by g?
17
Suppose 226 - 182 = 2*r. Let i = 12 + -11. Let y(p) = 87*p**3 + p**2 - p - 1. What is the remainder when y(i) is divided by r?
20
Let z(h) = 102*h - 20. Let k be z(1). What is the remainder when 55 is divided by ((-205)/k)/((-1)/10*1)?
5
Suppose -4*d - 112 = 4*k - 5*k, -5*d - 209 = -2*k. Let s = -623 + 654. Calculate the remainder when k is divided by s.
30
Let b(p) = -p**3 + 10*p**2 + 9*p + 27. Let y be b(11). Suppose -4*i + y*i = 66. Suppose 10*d = 5*d + 85. What is the remainder when i is divided by d?
15
Let d be 6/(-9) - 2*64/(-3). Suppose -14 = -2*x + d. Let l = 34 + x. What is the remainder when l is divided by 8?
6
Suppose 515 = s + 5*o, -17*o + 962 = 2*s - 33. Calculate the remainder when s is divided by 152.
84
Suppose -542*i = -545*i + 18, -5*g - i = -731. What is the remainder when 486 is divided by g?
51
Let i = 17347 + 1220. What is the remainder when i is divided by 11?
10
Let a(w) = 6*w**3 + 87*w**2 - 9*w + 15. What is the remainder when 735 is divided by a(-14)?
6
Suppose h - 212 + 1293 = i, i - 1072 = -2*h. What is the remainder when i is divided by 47?
44
Suppose 0 = -2*u + 201 + 469. Let i = u + -314. Calculate the remainder when i is divided by 3.
0
What is the remainder when 1167 is divided by (-60)/24*(3 + 67/(-5))?
23
Suppose 10*k + 17 = 67. Suppose 0 = l - 26 - 1. What is the remainder when l is divided by k?
2
Let n = 13 - 9. Suppose -70 = -5*g - 7*m + 2*m, -26 = -g - n*m. Calculate the remainder when 1/(-6) - (-940)/24 is divided by g.
9
Suppose 4*p = 3*o + 57 + 72, -p + 3*o = -39. Let z be 1 + 4 + -5 + 2. Suppose 9 = -3*n, -5*n = -3*c + z*c + p. Calculate the remainder when 71 is divided by c.
11
Let o = -1162 - -1281. Calculate the remainder when o is divided by 80.
39
Calculate the remainder when ((-364)/156)/(14/(-1374)) is divided by 99.
31
Suppose 30*h - 27*h - 96 = -5*w, 5*w - 110 = -5*h. What is the remainder when 412 is divided by w?
7
Suppose 0 = -5*s - 4*h + 3399, 3*s - 3*h + 5*h = 2041. Calculate the remainder when s is divided by 134.
13
Let j = 1503 - 2192. Let o = -410 - j. Calculate the remainder when o is divided by 35.
34
Let g(w) = w**2 + 15*w - 19. Let h be g(-13)